{"id":220,"date":"2018-10-23T15:15:16","date_gmt":"2018-10-23T12:15:16","guid":{"rendered":"http:\/\/kaali.edu.ee\/?page_id=220"},"modified":"2018-10-23T15:15:16","modified_gmt":"2018-10-23T12:15:16","slug":"lasteaia-paevakava","status":"publish","type":"page","link":"https:\/\/kaali.edu.ee\/?page_id=220","title":{"rendered":"Lasteaia p\u00e4evakava"},"content":{"rendered":"<p>R\u00fchma p\u00e4evakava on paindlik, kindlustades laste eale vastava p\u00e4evar\u00fctmi, kus vahelduvad igap\u00e4evatoimingud, laste m\u00e4ng, vabategevused ja pedagoogide kavandatud \u00f5ppe-ja kasvatustegevused.<\/p>\n<p>P\u00e4evakava koostamisel on arvestatud \u00f5ppekava, lasteaia lahtiolekuaega (kell 07.30- 18.30), laste vanust ja laste individuaalseid vajadusi.<\/p>\n<p>P\u00e4evakava sisaldab kolme toidukorda: hommikus\u00f6\u00f6k, l\u00f5unas\u00f6\u00f6k ja \u00f5htuoode. Lisaks enne \u00f5ueminekut terviseamps.<\/p>\n<p>\u00d5petaja j\u00e4lgib p\u00e4evakava koostades:<\/p>\n<ul>\n<li>et lapsel on piisavalt aega m\u00e4nguks,<\/li>\n<li>et \u00fcleminek \u00fchelt tegevuselt teisele on sujuv,<\/li>\n<li>et on arvestatud lapse individuaalseid vajadusi,<\/li>\n<li>et lapsed saavad viibida iga p\u00e4ev \u00f5ues (s\u00f5ltuvalt ilmastikust),<\/li>\n<li>et lapsed saavad iga p\u00e4ev v\u00e4hemalt \u00fche tunni puhkeaega.<\/li>\n<\/ul>\n<p>07.30 &#8211; 08.30 Laste saabumine lasteaeda, hommikune vaba tegevus, individuaalne t\u00f6\u00f6 lastega.<\/p>\n<p>08.40 &#8211; 09.00 Hommikus\u00f6\u00f6k.<\/p>\n<p>09.00 &#8211; 09.20 Ettevalmistused planeeritud tegevusteks, hommikuring.<\/p>\n<p>09.20 &#8211; 12.05 Planeeritud \u00f5ppe- ja kasvatustegevused. Vabategevus ja m\u00e4ng. Terviseamps. Tegevused ja m\u00e4ngud \u00f5ues.<\/p>\n<p>Laste igap\u00e4evatoimingud.<\/p>\n<p>12.20 &#8211; 12.45 L\u00f5unas\u00f6\u00f6k. Ettevalmistused l\u00f5unaseks uinakuks.<\/p>\n<p>13.00 &#8211; 15.00 Puhkeaeg.<\/p>\n<p>15.00 &#8211; 15.30 J\u00e4rk-j\u00e4rguline \u00e4rkamine, vabategevus.<\/p>\n<p>15.30 &#8211; 15.50 \u00d5htuoode<\/p>\n<p>16.00 &#8211; 18.30 Laste vabategevus ja m\u00e4ng, ilusa ilma korral \u00f5ues viibimine. Vajadusel individuaalne t\u00f6\u00f6. Laste kojuminek.<\/p>\n<p>Hommiks\u00f6\u00f6gil olevad lapsed on lasteaias kohal hiljemalt 8.30.<\/p>\n<p>Lapse puudumisest v\u00f5i haigusest teata r\u00fchma telefonil <strong>4591 117.<\/strong><\/p>\n","protected":false},"excerpt":{"rendered":"<p>R\u00fchma p\u00e4evakava on paindlik, kindlustades laste eale vastava p\u00e4evar\u00fctmi, kus vahelduvad igap\u00e4evatoimingud, laste m\u00e4ng, vabategevused ja pedagoogide kavandatud \u00f5ppe-ja kasvatustegevused. P\u00e4evakava koostamisel on arvestatud \u00f5ppekava, lasteaia lahtiolekuaega (kell 07.30- 18.30), laste vanust ja laste individuaalseid vajadusi. P\u00e4evakava sisaldab kolme toidukorda: hommikus\u00f6\u00f6k, l\u00f5unas\u00f6\u00f6k ja \u00f5htuoode. Lisaks enne \u00f5ueminekut terviseamps. \u00d5petaja j\u00e4lgib p\u00e4evakava koostades: et lapsel on &#8230; <a title=\"Lasteaia p\u00e4evakava\" class=\"read-more\" href=\"https:\/\/kaali.edu.ee\/?page_id=220\" aria-label=\"Read more about Lasteaia p\u00e4evakava\">Read more<\/a><\/p>\n","protected":false},"author":1,"featured_media":0,"parent":0,"menu_order":0,"comment_status":"closed","ping_status":"closed","template":"","meta":{"footnotes":""},"class_list":["post-220","page","type-page","status-publish"],"_links":{"self":[{"href":"https:\/\/kaali.edu.ee\/index.php?rest_route=\/wp\/v2\/pages\/220","targetHints":{"allow":["GET"]}}],"collection":[{"href":"https:\/\/kaali.edu.ee\/index.php?rest_route=\/wp\/v2\/pages"}],"about":[{"href":"https:\/\/kaali.edu.ee\/index.php?rest_route=\/wp\/v2\/types\/page"}],"author":[{"embeddable":true,"href":"https:\/\/kaali.edu.ee\/index.php?rest_route=\/wp\/v2\/users\/1"}],"replies":[{"embeddable":true,"href":"https:\/\/kaali.edu.ee\/index.php?rest_route=%2Fwp%2Fv2%2Fcomments&post=220"}],"version-history":[{"count":1,"href":"https:\/\/kaali.edu.ee\/index.php?rest_route=\/wp\/v2\/pages\/220\/revisions"}],"predecessor-version":[{"id":221,"href":"https:\/\/kaali.edu.ee\/index.php?rest_route=\/wp\/v2\/pages\/220\/revisions\/221"}],"wp:attachment":[{"href":"https:\/\/kaali.edu.ee\/index.php?rest_route=%2Fwp%2Fv2%2Fmedia&parent=220"}],"curies":[{"name":"wp","href":"https:\/\/api.w.org\/{rel}","templated":true}]}}